uppose 2*h + 5*h + 14 = 0. Let g(m) = -2*m**3 - 3*m**2 + m + 3. Let z be g(h). Let i = 1 + z. What is the remainder when 17 is divided by i?
5
Let n = -3 - -6. Suppose 2*h = 7*h - 1715. Let f = h - 338. What is the remainder when f is divided by n?
2
Let w be 7 - 4*5/5. Suppose -13 = -o - y, -2*o + w*y = -12 - 39. What is the remainder when 33 is divided by o?
15
Suppose -2*t = -16*n + 11*n + 5, -2*t + 10 = 0. Suppose 0 = -b - 1 - 1. What is the remainder when 33 is divided by (b - -6) + n + -1?
3
Suppose -22 + 277 = 602*q - 599*q. What is the remainder when 281 is divided by q?
26
Suppose -87*m = -69*m - 91494. Suppose 64*c - m = 47*c. Calculate the remainder when c is divided by 30.
29
Let k(l) = l**2 + 28*l - 1275. Calculate the remainder when k(28) is divided by 48.
5
Let d = -3484 + 3575. Calculate the remainder when 2638 is divided by d.
90
Let q = -767 + 1012. What is the remainder when q is divided by 31?
28
Let x be ((-8)/3)/((-1)/(-3)). Let m(j) = -j**2 - 8*j + 10. Suppose 0 = 2153*r - 1103*r + 1836*r - 135642. Calculate the remainder when r is divided by m(x).
7
Let t be 508/(-6 - (-8 + 0)). What is the remainder when 70 is divided by 6/84*-4 + t/7?
34
Suppose -2*y + 897 = 337. Let s = y - 29. What is the remainder when s is divided by 14?
13
Let q be (-4)/(-8)*((4 - 1) + 3). Suppose 7*z - 214 = 4*z + i, -q*i - 66 = -z. Calculate the remainder when z is divided by 25.
22
Suppose -12*n + 73 + 34 = -625. What is the remainder when n is divided by 41?
20
Suppose -4*f - 12 - 74 = 2*j, 0 = 5*f - 2*j + 94. Calculate the remainder when 3 + (-17)/5 + (-1548)/f is divided by 13.
12
Let s = -340 + 573. Let y = s - 224. What is the remainder when 43 is divided by y?
7
Suppose -15288 = 47*g + 43*g - 94*g. What is the remainder when g is divided by 18?
6
Let d = -7390 - -7402. Calculate the remainder when 4211 is divided by d.
11
Suppose -58*n + 492 = -61*n. Let b = -157 - n. What is the remainder when 130 is divided by b?
4
Suppose -97 = 9*q - 133. Calculate the remainder when 109 is divided by (35/q - 1)/((-5)/(-20)).
16
Suppose -14 = -h - 1. Let b be 9690/874 - (-2)/(-23). Suppose -g + 7*y - b*y = -39, 192 = 4*g + 4*y. What is the remainder when g is divided by h?
12
Calculate the remainder when 749 is divided by 12*((-2)/(-6)*4 + 28/(-42)).
5
Suppose 0 = -h + 12 - 4. Let k = 45 + -41. Suppose -2*g + 4 - 2 = 0, 11 = k*r - 5*g. What is the remainder when h is divided by r?
0
Let l(x) = -3*x**3 + 6*x**2 + x - 3. Let n = 125 + -127. What is the remainder when 56 is divided by l(n)?
13
Suppose 3*g + 0*y - 12 = 4*y, -2*g - 2*y = -22. Calculate the remainder when 1/((-12735)/1593 + g) is divided by 91.
86
Suppose -185 = -5*f - 0. Suppose a + 7*o = 150, 0 = -5*a + 4*o + 213 + 147. Calculate the remainder when a is divided by f.
6
Suppose 3*i + 2*b - 197 = -0*b, 5*b + 163 = 2*i. Let r(u) = u**2 + 4. Let d be r(-2). Suppose i = -d*m + 189. What is the remainder when 58 is divided by m?
13
Let o(a) = 14*a - 3. Let m = -93 - -99. Suppose -m*p + 83 = -25. Calculate the remainder when o(4) is divided by p.
17
Suppose 8642 = -0*o + 24*o + 5*o. Calculate the remainder when o is divided by 15.
13
Suppose 5*p = 3*t - 43, -4*t = -0*p - 2*p - 62. Suppose 2*n + 9 = 3. Let l(z) = -z**2 - 4*z + 3. Calculate the remainder when t is divided by l(n).
4
Suppose 5*g + 75 = 5*m, g + 2 = -m - 7. Let i be 3/g + 861/(-12). Let b = i - -110. Calculate the remainder when 72 is divided by b.
34
Suppose -h - 547 = -3787. Suppose 0 = -7*j - 5*j + h. Calculate the remainder when j is divided by 21.
18
Let r = -31 + 51. What is the remainder when r is divided by (-10)/(-12 + (35 + -34)/(2/22))?
0
Calculate the remainder when (1964/(-24) - -1 - -1)*(-1218)/203 is divided by (-9 + 3)/(-2) + 10.
11
Suppose -54254 + 17233 - 33681 = -58*j. Calculate the remainder when j is divided by 17.
12
Let o(t) = -4*t**2 + 84*t - 124. What is the remainder when 745 is divided by o(19)?
17
Let f = 454 + -366. Suppose 55*t + 1122 = f*t. What is the remainder when 168 is divided by t?
32
Suppose u - 90 + 10 = -o, 0 = 3*o - 2*u - 215. Suppose o*l - 74*l = 38. What is the remainder when l is divided by 21?
17
Let j be 24/40 - 36/(-15) - -20. Suppose j*i - 632 = 1990. Calculate the remainder when i is divided by 12.
6
Suppose 279000 = 255*j - 75*j. What is the remainder when j is divided by 19?
11
Suppose 257*l - 24*l = 66172. Let s(y) = 31*y + 3. What is the remainder when l is divided by s(3)?
92
Let o be (-2)/((-50)/3745) + (-1)/(-5). Let a = o - 136. Calculate the remainder when 194 is divided by a.
12
Suppose n - 11*m - 205 = -15*m, -2*n = -3*m - 443. Let q = n - 186. Calculate the remainder when 39 is divided by q.
8
Suppose f = 3*f + 16. Let c(r) = 2*r**3 + 15*r**2 - 7*r + 11. Let p be c(f). Suppose -77 = -p*m + 115. What is the remainder when m is divided by 11?
9
Let j(h) = h + 57. Let p(q) = q + 1. Let y(x) = -j(x) - 4*p(x). Let s be y(0). Let n = -55 - s. Calculate the remainder when 9 is divided by n.
3
Suppose -3*b + 11 = -2*k + 6*k, 5*k = -2*b + 19. Suppose k*x = c + 438, 72 + 21 = x - 2*c. Calculate the remainder when x is divided by 22.
21
Suppose -14*h = -314 + 104. What is the remainder when h/(-24)*-4*86 is divided by 55?
50
Let c(a) = 2*a**2 - 8*a - 2. Let o be c(5). Let j be (-7 + 217/21)/(2/3). Let n = o + j. What is the remainder when 41 is divided by n?
2
Let g(a) = 183*a**2 + 56*a - 56. Calculate the remainder when g(1) is divided by 166.
17
Let f be (1632/(-40))/(21/15)*14. Let t = -369 - f. Suppose x - 4*x + 3*d + 48 = 0, 4 = x + 5*d. Calculate the remainder when t is divided by x.
11
Suppose 3*r - h = 36, 4*r - 3*h - 6 = 47. Suppose -s = -3*k + r, 11 = 2*k + 5*s + 32. What is the remainder when 87 is divided by (-520)/(-90) + k/9?
3
Let m be (-9)/(126/8)*7/(-2). Suppose 267 = m*g + g. What is the remainder when g is divided by 1/(7/301) - (1 + -4)?
43
What is the remainder when (3/(-6) + (1 - 6))*(1 - 133) is divided by 42?
12
Let m = 27 - 2. What is the remainder when 108000/500 - (1 - -18) is divided by m?
22
Let q = 111 + -69. Let d(z) = -29*z + 13. Let p be d(5). Calculate the remainder when q is divided by ((-6)/(-9))/((-4)/p).
20
Suppose -v = 3*v - 112. Suppose 5*b = -v + 43. Suppose 0 = -b*n + 2*q + 106, -5*q - 132 - 14 = -4*n. Calculate the remainder when n is divided by 18.
16
Let k = -26 - -30. Suppose 434 = v + k*f, f - 260 - 998 = -3*v. Suppose 6*y - v = 296. What is the remainder when y is divided by 20?
19
Let v(a) = -a**2 - 6*a - 1. Let t = 477 - 312. Suppose 163 = -2*u + t. What is the remainder when v(-5) is divided by u?
0
Suppose -91 = -2*i + 4*v + 47, i - 4*v - 61 = 0. Calculate the remainder when i is divided by 18.
5
Let x(r) = 32*r**2 - r. Suppose -858 = 3*d - 5*s, -2*s = -3*s. Let q = d - -303. What is the remainder when x(-1) is divided by q?
16
Let j(z) = z**3 - 4*z**2 + 5*z + 3. What is the remainder when 115 - (-29 - (-35 + 5)) is divided by j(4)?
22
Let a(u) = u**2 - 161*u + 6043. Let x(c) = -c**3 + c + 1. Let y be x(-2). Let g = y + 29. Calculate the remainder when a(103) is divided by g.
33
Let h(j) = j**2 - 16*j - 32. Let i be h(17). Suppose 3*f + 0*f + 3*l - 12 = 0, -9 = -3*l. What is the remainder when 49 is divided by f/((-6)/8)*i/2?
9
Suppose 7*x + 30 + 5 = 0. Let y = 37 + x. Suppose -y*v = -31*v - 9. Calculate the remainder when v is divided by 4.
1
Let x(g) = g**2. Let k be x(4). Suppose -3*l - 2*l + 2*m - 17 = 0, -5*l = -m + k. What is the remainder when 73 is divided by 2/l*270/(-12)?
13
Let q(w) be the second derivative of w**4/6 + w**3 + 5*w**2 + 24*w. Let s be q(5). Let o = s - 28. Calculate the remainder when o is divided by 11.
7
Let g(o) = o**3 - 10*o**2 - 106*o - 609. Calculate the remainder when 359 is divided by g(18).
59
Suppose 0 = 205*d + 481*d - 54194. Calculate the remainder when (-2)/((21/(-222))/7) is divided by d.
69
Let j be 4/(-6)*(6 + -5 - 7). Suppose -4*h = -2*c - 200, -j*h + 7*c + 206 = 8*c. What is the remainder when 184 is divided by h?
31
Suppose 40*m - 46*m = -864. Let i = -115 + m. Calculate the remainder when i is divided by 18.
11
Let w(x) = x**2 - x + 1. Let r(k) = 2*k**2 - 14 + 2 + 5*k - 3*k**2 - 11*k. Let z(q) = -r(q) + 4*w(q). Calculate the remainder when z(-5) is divided by 33.
32
Let l = -51 + 36